Last updated on 2024-05-21 13:52:54 CEST.
Flavor | Version | Tinstall | Tcheck | Ttotal | Status | Flags |
---|---|---|---|---|---|---|
r-devel-linux-x86_64-debian-clang | 1.1.1 | 2.16 | 22.14 | 24.30 | NOTE | |
r-devel-linux-x86_64-debian-gcc | 1.1.1 | 1.71 | 16.94 | 18.65 | NOTE | |
r-devel-linux-x86_64-fedora-clang | 1.1.1 | 31.13 | NOTE | |||
r-devel-linux-x86_64-fedora-gcc | 1.1.1 | 28.94 | NOTE | |||
r-devel-windows-x86_64 | 1.1.1 | 4.00 | 36.00 | 40.00 | NOTE | |
r-patched-linux-x86_64 | 1.1.1 | 1.84 | 20.77 | 22.61 | NOTE | |
r-release-linux-x86_64 | 1.1.1 | 1.90 | 21.24 | 23.14 | NOTE | |
r-release-macos-arm64 | 1.1.1 | 14.00 | NOTE | |||
r-release-windows-x86_64 | 1.1.1 | 2.00 | 36.00 | 38.00 | NOTE | |
r-oldrel-macos-arm64 | 1.1.1 | 14.00 | NOTE | |||
r-oldrel-macos-x86_64 | 1.1.1 | 17.00 | NOTE | |||
r-oldrel-windows-x86_64 | 1.1.1 | 4.00 | 36.00 | 40.00 | NOTE |
Version: 1.1.1
Check: package subdirectories
Result: NOTE
Problems with news in ‘NEWS.md’:
No news entries found.
Flavors: r-devel-linux-x86_64-debian-clang, r-devel-linux-x86_64-debian-gcc, r-devel-linux-x86_64-fedora-clang, r-devel-linux-x86_64-fedora-gcc, r-devel-windows-x86_64, r-patched-linux-x86_64, r-release-linux-x86_64, r-release-macos-arm64, r-release-windows-x86_64, r-oldrel-macos-arm64, r-oldrel-macos-x86_64, r-oldrel-windows-x86_64