Last updated on 2024-05-21 13:52:53 CEST.
Flavor | Version | Tinstall | Tcheck | Ttotal | Status | Flags |
---|---|---|---|---|---|---|
r-devel-linux-x86_64-debian-clang | 1.15 | 7.83 | 38.28 | 46.11 | NOTE | |
r-devel-linux-x86_64-debian-gcc | 1.15 | 7.13 | 34.77 | 41.90 | NOTE | |
r-devel-linux-x86_64-fedora-clang | 1.15 | 71.48 | NOTE | |||
r-devel-linux-x86_64-fedora-gcc | 1.15 | 78.56 | NOTE | |||
r-devel-windows-x86_64 | 1.15 | 12.00 | 64.00 | 76.00 | NOTE | |
r-patched-linux-x86_64 | 1.15 | 9.16 | 49.43 | 58.59 | NOTE | |
r-release-linux-x86_64 | 1.15 | 10.14 | 41.02 | 51.16 | NOTE | |
r-release-macos-arm64 | 1.15 | 30.00 | NOTE | |||
r-release-windows-x86_64 | 1.15 | 16.00 | 64.00 | 80.00 | NOTE | |
r-oldrel-macos-arm64 | 1.15 | 28.00 | NOTE | |||
r-oldrel-macos-x86_64 | 1.15 | 38.00 | NOTE | |||
r-oldrel-windows-x86_64 | 1.15 | 16.00 | 71.00 | 87.00 | NOTE |
Version: 1.15
Check: C++ specification
Result: NOTE
Specified C++11: please drop specification unless essential
Flavors: r-devel-linux-x86_64-debian-clang, r-devel-linux-x86_64-debian-gcc, r-devel-linux-x86_64-fedora-clang, r-devel-linux-x86_64-fedora-gcc, r-devel-windows-x86_64, r-patched-linux-x86_64, r-release-linux-x86_64, r-release-macos-arm64, r-release-windows-x86_64, r-oldrel-macos-arm64, r-oldrel-macos-x86_64, r-oldrel-windows-x86_64