Last updated on 2024-05-21 13:52:43 CEST.
Flavor | Version | Tinstall | Tcheck | Ttotal | Status | Flags |
---|---|---|---|---|---|---|
r-devel-linux-x86_64-debian-clang | 0.5.11 | 11.06 | 114.90 | 125.96 | NOTE | |
r-devel-linux-x86_64-debian-gcc | 0.5.11 | 10.47 | 84.54 | 95.01 | NOTE | |
r-devel-linux-x86_64-fedora-clang | 0.5.11 | 155.49 | NOTE | |||
r-devel-linux-x86_64-fedora-gcc | 0.5.11 | 163.17 | NOTE | |||
r-devel-windows-x86_64 | 0.5.11 | 10.00 | 125.00 | 135.00 | NOTE | |
r-patched-linux-x86_64 | 0.5.11 | 14.72 | 111.55 | 126.27 | NOTE | |
r-release-linux-x86_64 | 0.5.11 | 12.34 | 107.11 | 119.45 | NOTE | |
r-release-macos-arm64 | 0.5.11 | 52.00 | NOTE | |||
r-release-windows-x86_64 | 0.5.11 | 10.00 | 124.00 | 134.00 | NOTE | |
r-oldrel-macos-arm64 | 0.5.11 | 62.00 | OK | |||
r-oldrel-macos-x86_64 | 0.5.11 | 98.00 | OK | |||
r-oldrel-windows-x86_64 | 0.5.11 | 14.00 | 136.00 | 150.00 | OK |
Version: 0.5.11
Check: Rd files
Result: NOTE
checkRd: (-1) mada-data.Rd:45: Lost braces
45 | Kriston, L., H{\"o}elzel, L., Weiser, A., Berner, M., & Haerter, M. (2008).\dQuote{ Meta-analysis: Are 3
| ^
Flavors: r-devel-linux-x86_64-debian-clang, r-devel-linux-x86_64-debian-gcc, r-devel-linux-x86_64-fedora-clang, r-devel-linux-x86_64-fedora-gcc, r-devel-windows-x86_64, r-patched-linux-x86_64, r-release-linux-x86_64, r-release-macos-arm64, r-release-windows-x86_64