Last updated on 2024-05-28 15:49:00 CEST.
Flavor | Version | Tinstall | Tcheck | Ttotal | Status | Flags |
---|---|---|---|---|---|---|
r-devel-linux-x86_64-debian-clang | 1.4.9 | 58.28 | 305.27 | 363.55 | NOTE | |
r-devel-linux-x86_64-debian-gcc | 1.4.9 | 49.28 | 225.77 | 275.05 | NOTE | |
r-devel-linux-x86_64-fedora-clang | 1.5.2 | 932.74 | NOTE | |||
r-devel-linux-x86_64-fedora-gcc | 1.5.2 | 1113.59 | NOTE | |||
r-devel-windows-x86_64 | 1.4.9 | 52.00 | 236.00 | 288.00 | NOTE | |
r-patched-linux-x86_64 | 1.4.9 | 52.61 | 293.79 | 346.40 | NOTE | |
r-release-linux-x86_64 | 1.4.9 | 49.62 | 288.94 | 338.56 | NOTE | |
r-release-macos-arm64 | 1.4.9 | 122.00 | NOTE | |||
r-release-macos-x86_64 | 1.4.9 | 238.00 | NOTE | |||
r-release-windows-x86_64 | 1.4.9 | 52.00 | 238.00 | 290.00 | NOTE | |
r-oldrel-macos-arm64 | 1.4.9 | 136.00 | NOTE | |||
r-oldrel-macos-x86_64 | 1.4.9 | 278.00 | NOTE | |||
r-oldrel-windows-x86_64 | 1.4.9 | 63.00 | 309.00 | 372.00 | NOTE |
Version: 1.4.9
Check: package dependencies
Result: NOTE
Package suggested but not available for checking: ‘cmdstanr’
Flavors: r-devel-linux-x86_64-debian-clang, r-devel-linux-x86_64-debian-gcc, r-devel-windows-x86_64, r-patched-linux-x86_64, r-release-linux-x86_64, r-release-macos-arm64, r-release-macos-x86_64, r-release-windows-x86_64, r-oldrel-macos-arm64, r-oldrel-macos-x86_64, r-oldrel-windows-x86_64
Version: 1.4.9
Check: Rd cross-references
Result: NOTE
Package unavailable to check Rd xrefs: ‘cmdstanr’
Flavors: r-devel-linux-x86_64-debian-clang, r-devel-linux-x86_64-debian-gcc, r-devel-windows-x86_64, r-patched-linux-x86_64, r-release-linux-x86_64, r-release-macos-arm64, r-release-macos-x86_64, r-release-windows-x86_64, r-oldrel-macos-arm64, r-oldrel-macos-x86_64, r-oldrel-windows-x86_64
Version: 1.5.2
Check: package dependencies
Result: NOTE
Package suggested but not available for checking: ‘cmdstanr’
Flavors: r-devel-linux-x86_64-fedora-clang, r-devel-linux-x86_64-fedora-gcc
Version: 1.5.2
Check: installed package size
Result: NOTE
installed size is 13.4Mb
sub-directories of 1Mb or more:
R 3.5Mb
data 9.3Mb
Flavor: r-devel-linux-x86_64-fedora-clang
Version: 1.5.2
Check: Rd cross-references
Result: NOTE
Package unavailable to check Rd xrefs: ‘cmdstanr’
Flavors: r-devel-linux-x86_64-fedora-clang, r-devel-linux-x86_64-fedora-gcc
Version: 1.4.9
Check: installed package size
Result: NOTE
installed size is 13.3Mb
sub-directories of 1Mb or more:
R 3.5Mb
data 9.0Mb
Flavors: r-devel-windows-x86_64, r-release-macos-arm64, r-release-macos-x86_64, r-release-windows-x86_64, r-oldrel-macos-arm64, r-oldrel-macos-x86_64, r-oldrel-windows-x86_64